{"id":7200,"date":"2023-10-17T15:19:01","date_gmt":"2023-10-17T14:19:01","guid":{"rendered":"https:\/\/pocas.pt\/?post_type=product&#038;p=7200"},"modified":"2024-09-24T15:28:24","modified_gmt":"2024-09-24T14:28:24","slug":"pocas-fora-da-serie-scuba-2022","status":"publish","type":"product","link":"https:\/\/pocas.pt\/en\/product\/pocas-fora-da-serie-scuba-2022\/","title":{"rendered":"Po\u00e7as Fora da S\u00e9rie SCUBA 2022"},"content":{"rendered":"<p>Produced from Arinto sourced at Quinta Vale de Cavalos, the bunches are submerged in a must of Arinto during the fermentation process, that occurs inside the grape berry. At the end the bunches are separated from the must and pressed. This unique process will give distinctive characteristics to the wine and make it a great food companion.<\/p>\n","protected":false},"excerpt":{"rendered":"<p>Produced from Arinto sourced at Quinta Vale de Cavalos, the bunches are submerged in a must of Arinto during the fermentation process, that occurs inside the grape berry. At the end the bunches are separated from the must and pressed. This unique process will give distinctive characteristics to the wine and make it a great&hellip; <a class=\"more-link\" href=\"https:\/\/pocas.pt\/en\/product\/pocas-fora-da-serie-scuba-2022\/\">Continue reading <span class=\"screen-reader-text\">Po\u00e7as Fora da S\u00e9rie SCUBA 2022<\/span><\/a><\/p>\n","protected":false},"featured_media":7198,"template":"","meta":{"_acf_changed":false,"inline_featured_image":false,"_monsterinsights_skip_tracking":false,"_monsterinsights_sitenote_active":false,"_monsterinsights_sitenote_note":"","_monsterinsights_sitenote_category":0},"product_cat":[210],"product_tag":[231],"class_list":{"0":"post-7200","1":"product","2":"type-product","3":"status-publish","4":"has-post-thumbnail","6":"product_cat-fora-da-serie-en","7":"product_tag-fora-da-serie-en","8":"entry","10":"first","11":"instock","12":"shipping-taxable","13":"product-type-simple"},"acf":[],"yoast_head":"<!-- This site is optimized with the Yoast SEO plugin v24.0 - https:\/\/yoast.com\/wordpress\/plugins\/seo\/ -->\r\n<title>Po\u00e7as Fora da S\u00e9rie SCUBA 2022 - Po\u00e7as - Produtor Independente de Vinhos DOC Douro e do Porto<\/title>\r\n<meta name=\"robots\" content=\"index, follow, max-snippet:-1, max-image-preview:large, max-video-preview:-1\" \/>\r\n<link rel=\"canonical\" href=\"https:\/\/pocas.pt\/en\/product\/pocas-fora-da-serie-scuba-2022\/\" \/>\r\n<meta property=\"og:locale\" content=\"en_US\" \/>\r\n<meta property=\"og:type\" content=\"article\" \/>\r\n<meta property=\"og:title\" content=\"Po\u00e7as Fora da S\u00e9rie SCUBA 2022 - Po\u00e7as - Produtor Independente de Vinhos DOC Douro e do Porto\" \/>\r\n<meta property=\"og:description\" content=\"Produced from Arinto sourced at Quinta Vale de Cavalos, the bunches are submerged in a must of Arinto during the fermentation process, that occurs inside the grape berry. At the end the bunches are separated from the must and pressed. This unique process will give distinctive characteristics to the wine and make it a great&hellip; Continue reading Po\u00e7as Fora da S\u00e9rie SCUBA 2022\" \/>\r\n<meta property=\"og:url\" content=\"https:\/\/pocas.pt\/en\/product\/pocas-fora-da-serie-scuba-2022\/\" \/>\r\n<meta property=\"og:site_name\" content=\"Po\u00e7as - Produtor Independente de Vinhos DOC Douro e do Porto\" \/>\r\n<meta property=\"article:publisher\" content=\"https:\/\/www.facebook.com\/Pocas.Wines\" \/>\r\n<meta property=\"article:modified_time\" content=\"2024-09-24T14:28:24+00:00\" \/>\r\n<meta property=\"og:image\" content=\"https:\/\/pocas.pt\/wp-content\/uploads\/2023\/10\/Pocas-Fora-da-Serie-SCUBA-2022.png\" \/>\r\n\t<meta property=\"og:image:width\" content=\"2000\" \/>\r\n\t<meta property=\"og:image:height\" content=\"2000\" \/>\r\n\t<meta property=\"og:image:type\" content=\"image\/png\" \/>\r\n<meta name=\"twitter:card\" content=\"summary_large_image\" \/>\r\n<meta name=\"twitter:site\" content=\"@pocaswines\" \/>\r\n<meta name=\"twitter:label1\" content=\"Est. reading time\" \/>\n\t<meta name=\"twitter:data1\" content=\"1 minute\" \/>\r\n<script type=\"application\/ld+json\" class=\"yoast-schema-graph\">{\"@context\":\"https:\/\/schema.org\",\"@graph\":[{\"@type\":\"WebPage\",\"@id\":\"https:\/\/pocas.pt\/en\/product\/pocas-fora-da-serie-scuba-2022\/\",\"url\":\"https:\/\/pocas.pt\/en\/product\/pocas-fora-da-serie-scuba-2022\/\",\"name\":\"Po\u00e7as Fora da S\u00e9rie SCUBA 2022 - Po\u00e7as - Produtor Independente de Vinhos DOC Douro e do Porto\",\"isPartOf\":{\"@id\":\"https:\/\/pocas.pt\/#website\"},\"primaryImageOfPage\":{\"@id\":\"https:\/\/pocas.pt\/en\/product\/pocas-fora-da-serie-scuba-2022\/#primaryimage\"},\"image\":{\"@id\":\"https:\/\/pocas.pt\/en\/product\/pocas-fora-da-serie-scuba-2022\/#primaryimage\"},\"thumbnailUrl\":\"https:\/\/pocas.pt\/wp-content\/uploads\/2023\/10\/Pocas-Fora-da-Serie-SCUBA-2022.png\",\"datePublished\":\"2023-10-17T14:19:01+00:00\",\"dateModified\":\"2024-09-24T14:28:24+00:00\",\"breadcrumb\":{\"@id\":\"https:\/\/pocas.pt\/en\/product\/pocas-fora-da-serie-scuba-2022\/#breadcrumb\"},\"inLanguage\":\"en-US\",\"potentialAction\":[{\"@type\":\"ReadAction\",\"target\":[\"https:\/\/pocas.pt\/en\/product\/pocas-fora-da-serie-scuba-2022\/\"]}]},{\"@type\":\"ImageObject\",\"inLanguage\":\"en-US\",\"@id\":\"https:\/\/pocas.pt\/en\/product\/pocas-fora-da-serie-scuba-2022\/#primaryimage\",\"url\":\"https:\/\/pocas.pt\/wp-content\/uploads\/2023\/10\/Pocas-Fora-da-Serie-SCUBA-2022.png\",\"contentUrl\":\"https:\/\/pocas.pt\/wp-content\/uploads\/2023\/10\/Pocas-Fora-da-Serie-SCUBA-2022.png\",\"width\":2000,\"height\":2000},{\"@type\":\"BreadcrumbList\",\"@id\":\"https:\/\/pocas.pt\/en\/product\/pocas-fora-da-serie-scuba-2022\/#breadcrumb\",\"itemListElement\":[{\"@type\":\"ListItem\",\"position\":1,\"name\":\"In\u00edcio\",\"item\":\"https:\/\/pocas.pt\/en\/\"},{\"@type\":\"ListItem\",\"position\":2,\"name\":\"Po\u00e7as Fora da S\u00e9rie SCUBA 2022\"}]},{\"@type\":\"WebSite\",\"@id\":\"https:\/\/pocas.pt\/#website\",\"url\":\"https:\/\/pocas.pt\/\",\"name\":\"Po\u00e7as - Produtor Independente de Vinhos DOC Douro e do Porto\",\"description\":\"\",\"publisher\":{\"@id\":\"https:\/\/pocas.pt\/#organization\"},\"potentialAction\":[{\"@type\":\"SearchAction\",\"target\":{\"@type\":\"EntryPoint\",\"urlTemplate\":\"https:\/\/pocas.pt\/?s={search_term_string}\"},\"query-input\":{\"@type\":\"PropertyValueSpecification\",\"valueRequired\":true,\"valueName\":\"search_term_string\"}}],\"inLanguage\":\"en-US\"},{\"@type\":\"Organization\",\"@id\":\"https:\/\/pocas.pt\/#organization\",\"name\":\"Po\u00e7as J\u00fanior\",\"url\":\"https:\/\/pocas.pt\/\",\"logo\":{\"@type\":\"ImageObject\",\"inLanguage\":\"en-US\",\"@id\":\"https:\/\/pocas.pt\/#\/schema\/logo\/image\/\",\"url\":\"https:\/\/pocas.pt\/wp-content\/uploads\/2021\/03\/logotipo-pocas-black.svg\",\"contentUrl\":\"https:\/\/pocas.pt\/wp-content\/uploads\/2021\/03\/logotipo-pocas-black.svg\",\"width\":612,\"height\":261,\"caption\":\"Po\u00e7as J\u00fanior\"},\"image\":{\"@id\":\"https:\/\/pocas.pt\/#\/schema\/logo\/image\/\"},\"sameAs\":[\"https:\/\/www.facebook.com\/Pocas.Wines\",\"https:\/\/x.com\/pocaswines\",\"https:\/\/www.instagram.com\/pocaswines\/\"]}]}<\/script>\r\n<!-- \/ Yoast SEO plugin. -->","yoast_head_json":{"title":"Po\u00e7as Fora da S\u00e9rie SCUBA 2022 - Po\u00e7as - Produtor Independente de Vinhos DOC Douro e do Porto","robots":{"index":"index","follow":"follow","max-snippet":"max-snippet:-1","max-image-preview":"max-image-preview:large","max-video-preview":"max-video-preview:-1"},"canonical":"https:\/\/pocas.pt\/en\/product\/pocas-fora-da-serie-scuba-2022\/","og_locale":"en_US","og_type":"article","og_title":"Po\u00e7as Fora da S\u00e9rie SCUBA 2022 - Po\u00e7as - Produtor Independente de Vinhos DOC Douro e do Porto","og_description":"Produced from Arinto sourced at Quinta Vale de Cavalos, the bunches are submerged in a must of Arinto during the fermentation process, that occurs inside the grape berry. At the end the bunches are separated from the must and pressed. This unique process will give distinctive characteristics to the wine and make it a great&hellip; Continue reading Po\u00e7as Fora da S\u00e9rie SCUBA 2022","og_url":"https:\/\/pocas.pt\/en\/product\/pocas-fora-da-serie-scuba-2022\/","og_site_name":"Po\u00e7as - Produtor Independente de Vinhos DOC Douro e do Porto","article_publisher":"https:\/\/www.facebook.com\/Pocas.Wines","article_modified_time":"2024-09-24T14:28:24+00:00","og_image":[{"width":2000,"height":2000,"url":"https:\/\/pocas.pt\/wp-content\/uploads\/2023\/10\/Pocas-Fora-da-Serie-SCUBA-2022.png","type":"image\/png"}],"twitter_card":"summary_large_image","twitter_site":"@pocaswines","twitter_misc":{"Est. reading time":"1 minute"},"schema":{"@context":"https:\/\/schema.org","@graph":[{"@type":"WebPage","@id":"https:\/\/pocas.pt\/en\/product\/pocas-fora-da-serie-scuba-2022\/","url":"https:\/\/pocas.pt\/en\/product\/pocas-fora-da-serie-scuba-2022\/","name":"Po\u00e7as Fora da S\u00e9rie SCUBA 2022 - Po\u00e7as - Produtor Independente de Vinhos DOC Douro e do Porto","isPartOf":{"@id":"https:\/\/pocas.pt\/#website"},"primaryImageOfPage":{"@id":"https:\/\/pocas.pt\/en\/product\/pocas-fora-da-serie-scuba-2022\/#primaryimage"},"image":{"@id":"https:\/\/pocas.pt\/en\/product\/pocas-fora-da-serie-scuba-2022\/#primaryimage"},"thumbnailUrl":"https:\/\/pocas.pt\/wp-content\/uploads\/2023\/10\/Pocas-Fora-da-Serie-SCUBA-2022.png","datePublished":"2023-10-17T14:19:01+00:00","dateModified":"2024-09-24T14:28:24+00:00","breadcrumb":{"@id":"https:\/\/pocas.pt\/en\/product\/pocas-fora-da-serie-scuba-2022\/#breadcrumb"},"inLanguage":"en-US","potentialAction":[{"@type":"ReadAction","target":["https:\/\/pocas.pt\/en\/product\/pocas-fora-da-serie-scuba-2022\/"]}]},{"@type":"ImageObject","inLanguage":"en-US","@id":"https:\/\/pocas.pt\/en\/product\/pocas-fora-da-serie-scuba-2022\/#primaryimage","url":"https:\/\/pocas.pt\/wp-content\/uploads\/2023\/10\/Pocas-Fora-da-Serie-SCUBA-2022.png","contentUrl":"https:\/\/pocas.pt\/wp-content\/uploads\/2023\/10\/Pocas-Fora-da-Serie-SCUBA-2022.png","width":2000,"height":2000},{"@type":"BreadcrumbList","@id":"https:\/\/pocas.pt\/en\/product\/pocas-fora-da-serie-scuba-2022\/#breadcrumb","itemListElement":[{"@type":"ListItem","position":1,"name":"In\u00edcio","item":"https:\/\/pocas.pt\/en\/"},{"@type":"ListItem","position":2,"name":"Po\u00e7as Fora da S\u00e9rie SCUBA 2022"}]},{"@type":"WebSite","@id":"https:\/\/pocas.pt\/#website","url":"https:\/\/pocas.pt\/","name":"Po\u00e7as - Produtor Independente de Vinhos DOC Douro e do Porto","description":"","publisher":{"@id":"https:\/\/pocas.pt\/#organization"},"potentialAction":[{"@type":"SearchAction","target":{"@type":"EntryPoint","urlTemplate":"https:\/\/pocas.pt\/?s={search_term_string}"},"query-input":{"@type":"PropertyValueSpecification","valueRequired":true,"valueName":"search_term_string"}}],"inLanguage":"en-US"},{"@type":"Organization","@id":"https:\/\/pocas.pt\/#organization","name":"Po\u00e7as J\u00fanior","url":"https:\/\/pocas.pt\/","logo":{"@type":"ImageObject","inLanguage":"en-US","@id":"https:\/\/pocas.pt\/#\/schema\/logo\/image\/","url":"https:\/\/pocas.pt\/wp-content\/uploads\/2021\/03\/logotipo-pocas-black.svg","contentUrl":"https:\/\/pocas.pt\/wp-content\/uploads\/2021\/03\/logotipo-pocas-black.svg","width":612,"height":261,"caption":"Po\u00e7as J\u00fanior"},"image":{"@id":"https:\/\/pocas.pt\/#\/schema\/logo\/image\/"},"sameAs":["https:\/\/www.facebook.com\/Pocas.Wines","https:\/\/x.com\/pocaswines","https:\/\/www.instagram.com\/pocaswines\/"]}]}},"_links":{"self":[{"href":"https:\/\/pocas.pt\/en\/wp-json\/wp\/v2\/product\/7200","targetHints":{"allow":["GET"]}}],"collection":[{"href":"https:\/\/pocas.pt\/en\/wp-json\/wp\/v2\/product"}],"about":[{"href":"https:\/\/pocas.pt\/en\/wp-json\/wp\/v2\/types\/product"}],"wp:featuredmedia":[{"embeddable":true,"href":"https:\/\/pocas.pt\/en\/wp-json\/wp\/v2\/media\/7198"}],"wp:attachment":[{"href":"https:\/\/pocas.pt\/en\/wp-json\/wp\/v2\/media?parent=7200"}],"wp:term":[{"taxonomy":"product_cat","embeddable":true,"href":"https:\/\/pocas.pt\/en\/wp-json\/wp\/v2\/product_cat?post=7200"},{"taxonomy":"product_tag","embeddable":true,"href":"https:\/\/pocas.pt\/en\/wp-json\/wp\/v2\/product_tag?post=7200"}],"curies":[{"name":"wp","href":"https:\/\/api.w.org\/{rel}","templated":true}]}}

Poças Fora da Série SCUBA 2022

<p>Produced from Arinto sourced at Quinta Vale de Cavalos, the bunches are submerged in a must of Arinto during the fermentation process, that occurs inside the grape berry. At the end the bunches are separated from the must and pressed. This unique process will give distinctive characteristics to the wine and make it a great&hellip; <a class="more-link" href="https://pocas.pt/en/product/pocas-fora-da-serie-scuba-2022/">Continue reading <span class="screen-reader-text">Poças Fora da Série SCUBA 2022</span></a></p>

<!-- This site is optimized with the Yoast SEO plugin v24.0 - https://yoast.com/wordpress/plugins/seo/ -->
<title>Poças Fora da Série SCUBA 2022 - Poças - Produtor Independente de Vinhos DOC Douro e do Porto</title>
<meta name="robots" content="index, follow, max-snippet:-1, max-image-preview:large, max-video-preview:-1" />
<link rel="canonical" href="https://pocas.pt/en/product/pocas-fora-da-serie-scuba-2022/" />
<meta property="og:locale" content="en_US" />
<meta property="og:type" content="article" />
<meta property="og:title" content="Poças Fora da Série SCUBA 2022 - Poças - Produtor Independente de Vinhos DOC Douro e do Porto" />
<meta property="og:description" content="Produced from Arinto sourced at Quinta Vale de Cavalos, the bunches are submerged in a must of Arinto during the fermentation process, that occurs inside the grape berry. At the end the bunches are separated from the must and pressed. This unique process will give distinctive characteristics to the wine and make it a great&hellip; Continue reading Poças Fora da Série SCUBA 2022" />
<meta property="og:url" content="https://pocas.pt/en/product/pocas-fora-da-serie-scuba-2022/" />
<meta property="og:site_name" content="Poças - Produtor Independente de Vinhos DOC Douro e do Porto" />
<meta property="article:publisher" content="https://www.facebook.com/Pocas.Wines" />
<meta property="article:modified_time" content="2024-09-24T14:28:24+00:00" />
<meta property="og:image" content="https://pocas.pt/wp-content/uploads/2023/10/Pocas-Fora-da-Serie-SCUBA-2022.png" />
	<meta property="og:image:width" content="2000" />
	<meta property="og:image:height" content="2000" />
	<meta property="og:image:type" content="image/png" />
<meta name="twitter:card" content="summary_large_image" />
<meta name="twitter:site" content="@pocaswines" />
<meta name="twitter:label1" content="Est. reading time" />
	<meta name="twitter:data1" content="1 minute" />
<script type="application/ld+json" class="yoast-schema-graph">{"@context":"https://schema.org","@graph":[{"@type":"WebPage","@id":"https://pocas.pt/en/product/pocas-fora-da-serie-scuba-2022/","url":"https://pocas.pt/en/product/pocas-fora-da-serie-scuba-2022/","name":"Poças Fora da Série SCUBA 2022 - Poças - Produtor Independente de Vinhos DOC Douro e do Porto","isPartOf":{"@id":"https://pocas.pt/#website"},"primaryImageOfPage":{"@id":"https://pocas.pt/en/product/pocas-fora-da-serie-scuba-2022/#primaryimage"},"image":{"@id":"https://pocas.pt/en/product/pocas-fora-da-serie-scuba-2022/#primaryimage"},"thumbnailUrl":"https://pocas.pt/wp-content/uploads/2023/10/Pocas-Fora-da-Serie-SCUBA-2022.png","datePublished":"2023-10-17T14:19:01+00:00","dateModified":"2024-09-24T14:28:24+00:00","breadcrumb":{"@id":"https://pocas.pt/en/product/pocas-fora-da-serie-scuba-2022/#breadcrumb"},"inLanguage":"en-US","potentialAction":[{"@type":"ReadAction","target":["https://pocas.pt/en/product/pocas-fora-da-serie-scuba-2022/"]}]},{"@type":"ImageObject","inLanguage":"en-US","@id":"https://pocas.pt/en/product/pocas-fora-da-serie-scuba-2022/#primaryimage","url":"https://pocas.pt/wp-content/uploads/2023/10/Pocas-Fora-da-Serie-SCUBA-2022.png","contentUrl":"https://pocas.pt/wp-content/uploads/2023/10/Pocas-Fora-da-Serie-SCUBA-2022.png","width":2000,"height":2000},{"@type":"BreadcrumbList","@id":"https://pocas.pt/en/product/pocas-fora-da-serie-scuba-2022/#breadcrumb","itemListElement":[{"@type":"ListItem","position":1,"name":"Início","item":"https://pocas.pt/en/"},{"@type":"ListItem","position":2,"name":"Poças Fora da Série SCUBA 2022"}]},{"@type":"WebSite","@id":"https://pocas.pt/#website","url":"https://pocas.pt/","name":"Poças - Produtor Independente de Vinhos DOC Douro e do Porto","description":"","publisher":{"@id":"https://pocas.pt/#organization"},"potentialAction":[{"@type":"SearchAction","target":{"@type":"EntryPoint","urlTemplate":"https://pocas.pt/?s={search_term_string}"},"query-input":{"@type":"PropertyValueSpecification","valueRequired":true,"valueName":"search_term_string"}}],"inLanguage":"en-US"},{"@type":"Organization","@id":"https://pocas.pt/#organization","name":"Poças Júnior","url":"https://pocas.pt/","logo":{"@type":"ImageObject","inLanguage":"en-US","@id":"https://pocas.pt/#/schema/logo/image/","url":"https://pocas.pt/wp-content/uploads/2021/03/logotipo-pocas-black.svg","contentUrl":"https://pocas.pt/wp-content/uploads/2021/03/logotipo-pocas-black.svg","width":612,"height":261,"caption":"Poças Júnior"},"image":{"@id":"https://pocas.pt/#/schema/logo/image/"},"sameAs":["https://www.facebook.com/Pocas.Wines","https://x.com/pocaswines","https://www.instagram.com/pocaswines/"]}]}</script>
<!-- / Yoast SEO plugin. -->

Poças Fora da Série SCUBA 2022 - Poças - Produtor Independente de Vinhos DOC Douro e do Porto

Produced from Arinto sourced at Quinta Vale de Cavalos, the bunches are submerged in a must of Arinto during the fermentation process, that occurs inside the grape berry. At the end the bunches are separated from the must and pressed. This unique process will give distinctive characteristics to the wine and make it a great&hellip; Continue reading Poças Fora da Série SCUBA 2022

Poças - Produtor Independente de Vinhos DOC Douro e do Porto

Início

Poças Júnior
